or of 26 and k?
13
Suppose -3*a + 149*x - 146*x = -138, 110 = 2*a + x. What is the greatest common factor of 5564 and a?
52
Let o(m) = 6*m + 265. Let p be o(-36). Let t = 541 - 149. What is the greatest common divisor of t and p?
49
Suppose x = -4*t + 38132, -32391 = -3*t - 5*x - 3809. What is the greatest common factor of t and 1135?
227
Let x = -435 + 437. Calculate the greatest common factor of 958 and x.
2
Let h = 20 + -11. Let t be 3/12*-6 + (-30)/(-4). Suppose -12*m + t*m = -108. Calculate the greatest common divisor of h and m.
9
Let i(d) be the first derivative of -2*d**2 - 7*d - 66. Let w be i(-5). Calculate the greatest common divisor of w and 559.
13
Suppose -r = -0*r - 5*y + 24, -25 = -5*y. Let u be (r + -5 + 3)*(-12 - 3). What is the greatest common divisor of u and 285?
15
Suppose 0 = -i + 4*j + 227, 846 - 348 = 2*i + 3*j. Calculate the highest common factor of 225 and i.
9
Suppose -4 = -3*u + 4*w + 7, -2*u - w + 11 = 0. Suppose o + c = 40 - 15, u*o = 3*c + 93. What is the highest common factor of o and 7?
7
Let j(f) = -21*f + 1075. Let b be j(41). What is the highest common factor of 16 and b?
2
Let h(q) = -12*q - 51. Let n = 178 - 185. Let m be h(n). Calculate the greatest common divisor of 55 and m.
11
Let q be 3 + 3 + (-1123515)/(-45). What is the greatest common factor of 221 and q?
221
Let m be (-1 - 0)*(0 + -10). Let h be -8*2/(-4) + (-2 - -13). Let f be 11/2 + (h/10)/(-3). Calculate the greatest common factor of m and f.
5
Let i = 1932 + -1839. Let b(z) = 28*z**2 - 12*z + 1. Let v be b(3). What is the greatest common factor of v and i?
31
Suppose 19*j - 55 = 10 + 30. Calculate the greatest common factor of 1600 and j.
5
Let b = -29 + 53. Let m(y) = -y**2 + 172*y - 3260. Let c be m(150). What is the highest common divisor of b and c?
8
Suppose 3*u + 6*u - 3249 = 0. Suppose -5*m - 15 = 0, 4*f + 0*f = -5*m + u. Let r = f - 42. What is the greatest common factor of r and 13?
13
Let m = -218 + 1208. Suppose 10*c + m = 32*c. Calculate the greatest common divisor of 18 and c.
9
Let r be (-2)/27 + 255277/621. What is the greatest common divisor of r and 9727?
137
Suppose 18*n + 7868 = 1568. Let a = -310 - n. What is the highest common divisor of a and 8?
8
Let c = -6927 - -7563. What is the highest common factor of 212 and c?
212
Suppose 7*p - 45 - 319 = 0. Suppose 58 + p = g. Let q be 4/(-22) - (-1340)/g. What is the highest common factor of 6 and q?
6
Suppose 16*f - 18*f + 840 = 0. Suppose -a + 4*m = -f, -5*a + 2*m - 1204 = -8*a. Let u be (-14)/35 - a/(-10). What is the highest common factor of u and 5?
5
Let h(n) = -13*n**3 + 9*n**2 + 18*n + 5. Let g be h(-2). What is the highest common factor of 2943 and g?
109
Let o(a) = 5*a**3 - 54*a**2 - 22. Let c be o(11). What is the highest common divisor of c and 9999?
99
Let k(o) = o**3 - 15*o**2 - 10*o + 48. Let y be k(8). Let m = y - -487. Calculate the greatest common divisor of 28 and m.
7
Suppose -2*j - j - 5*m + 1310 = 0, -m = -3*j + 1286. Let l = j + -410. Calculate the highest common factor of 35 and l.
5
Let d(w) = -13*w**2 + 4*w - 4. Let l(s) = 41*s**2 - 11*s + 10. Let f(m) = 8*d(m) + 3*l(m). Let p be f(2). Calculate the highest common divisor of p and 54.
18
Suppose y - 34 = -32. Suppose 1 = y*u - 7. Suppose -p = 3*l - 16, -2*l = 2*p - 6*l + 8. What is the highest common factor of p and u?
4
Suppose -22*w - 4 = -24*w, 0 = 2*n + 4*w - 538. What is the highest common factor of 20 and n?
5
Suppose -5*n = 5*j - j - 82, 94 = 5*n - 2*j. Suppose 4*c + n + 2 = 0. Let s be (-152)/(-20) - 2/c. What is the highest common factor of s and 72?
8
Let k(h) = -53*h + 2553. Let s be k(48). What is the greatest common factor of 7560 and s?
9
Suppose -31 = -11*k + 46. Let j be -1 - (k + -10 - 10). What is the highest common factor of 42 and j?
6
Suppose -4*b = -6 - 10. Let f = 269 - 169. What is the highest common divisor of b and f?
4
Let o be 10 + 2 + -8 + -6. Let j(b) = -168*b + 12. Let n be j(o). What is the highest common divisor of n and 12?
12
Let f be (-15)/(20/4) + 43. Let z = -31 + f. Suppose 3*n = 5*a - 48, a - 15 = 2*n - 4. What is the highest common factor of a and z?
9
Suppose -28*v + 126 = -7*v. Suppose 12 = v*t - 132. What is the greatest common factor of 108 and t?
12
Suppose a = 2*a - 20. Let q(j) = j**3 - 6*j**2 + 293*j - 1432. Let g be q(5). Calculate the highest common factor of a and g.
4
Let k be (3 + -2)/(4398*20/(-29325) + 3). What is the greatest common factor of 115 and k?
115
Suppose 0 = 3*k - 5*r - 2003, 4*k - 2017 = k - 2*r. Let p = 680 - k. What is the greatest common divisor of 24 and p?
3
Suppose -24*p + 391 + 977 = 0. Let l = -218 - -674. What is the highest common factor of p and l?
57
Let u be (-66)/7*(9 - (-666)/(-18)). What is the highest common divisor of u and 3600?
24
Let q(y) = 2*y**3 - 36*y**2 - 6*y - 41. Let u be q(19). Let i(v) = 17*v + 4. Let d be i(1). What is the highest common factor of u and d?
21
Let t be (-46713)/2708*-44*(-1)/(-1). What is the highest common factor of t and 66?
33
Let b = 26 + -16. Suppose 351 = 6*w - 705. Let s = -151 + w. What is the highest common factor of b and s?
5
Let c(i) = -176*i + 586. Let j be c(3). Calculate the highest common divisor of j and 2.
2
Let u be ((-16)/2)/((-4)/70). Let c be ((-4370)/230)/(2/14). Let x = c + u. What is the greatest common divisor of x and 77?
7
Let l be (24/(-14))/(-6*(-7)/(-588)). Let y be l - (3 - 45/9). What is the greatest common factor of 2 and y?
2
Let o = 141 + -126. Let m be -2*(-241)/6 - 5/o. What is the greatest common divisor of m and 48?
16
Suppose 0 = -711*b + 708*b + 264. Let j(w) = -w**2 + 2*w**3 - 2*w**2 + 2*w + 0*w**2 + 0*w**2. Let f be j(2). Calculate the greatest common factor of f and b.
8
Let k be 3*3/(-27)*-15. Suppose x + 4*x - 125 = -5*b, k*x - 85 = 5*b. What is the highest common factor of x and 189?
21
Let y = 36307 - 22180. What is the highest common factor of y and 51?
51
Suppose 0 = -o - 0*o + 2*o - 1104. Calculate the greatest common divisor of o and 18.
6
Let i be 4/(-12) + 12947/33. Calculate the greatest common divisor of i and 28.
28
Let d(t) = -122*t + 12. Suppose -5*m = c + 18, -5*c - 25 = -10. Let x be d(m). What is the highest common divisor of x and 54?
54
Let w(s) = -3*s**2 + 111*s - 628. Let i be w(28). Calculate the greatest common divisor of i and 4032.
64
Let s(i) = 3*i**2 - 8*i - 12. Let x be s(6). Suppose b = 119*r - 115*r - 2045, -3*r = -2*b - 1530. What is the highest common divisor of x and r?
16
Let i = 55 - 52. Suppose 2*m = -i*m. Suppose 3*w - 3 - 6 = m. What is the highest common factor of 33 and w?
3
Let j be 7 - 2*1/(-4)*-2. Let z = j + -3. Suppose u = i + 10, -2*u - z*i + i = 0. What is the greatest common factor of u and 25?
5
Let h(l) = 2*l**2 - 14*l + 31. Let v be h(8). Let x = v + -7. What is the highest common divisor of 140 and x?
20
Suppose -3*b + g + 20 = 0, 5*g + 40 = 5*b - 0*g. Let p = -268 - 53. Let n be p/(-24) - b/16. What is the highest common divisor of 91 and n?
13
Let z(o) = 2*o**3 + 28*o**2 + 18*o - 117. Let q be z(-12). Calculate the greatest common factor of q and 72.
9
Let n be 9 - ((-8)/(-2) + 207/(-23)). Let a = -12 + 203. Suppose 23 = -3*p + a. What is the greatest common divisor of p and n?
14
Let x = 29 + -27. Suppose 2*z + 50 = 6*z + u, -17 = -z + x*u. What is the highest common factor of 143 and z?
13
Let r = 408 + -373. Let k = -278 - -306. What is the greatest common divisor of r and k?
7
Let g be (-1)/(-3) - 1439/(-3). Suppose 3*z + 6 = 4*r - 3*r, 4*z + 148 = 6*r. What is the highest common factor of g and r?
30
Let o(z) = 14*z**2 - z - 4. Let k be o(-2). Let y be -1 + (-3)/6 - (-275)/10. Suppose 10*l - k = y. What is the greatest common divisor of l and 20?
4
Let h be (413 - (29 + -12)) + 7. What is the greatest common factor of h and 1984?
31
Let a = 510 + -508. Let r be 127 - (0 + a)*-4. Calculate the greatest common divisor of 9 and r.
9
Suppose 4*m + 5*m = -1008. Let h = -91 - m. Suppose -v - 5*a + 22 = 0, 2*v + 43 - 135 = 2*a. What is the greatest common factor of h and v?
21
Suppose 4*k - 3*k = 0, k - 1220 = -4*t. Let o = 355 - t. What is the highest common divisor of 275 and o?
25
Let v(n) = -45*n**3 - 2*n - 1. Let b be v(-1). Suppose -111*j - 270*j = -17526. What is the highest common 